13
Let j(q) = 88*q + 3. Let k be j(-9). Let f = k + 1869. Suppose f = -5*o + 9*o. What is the greatest common factor of o and 30?
30
Let y(j) = 54*j**2 - j + 2. Let a be y(1). Suppose -40*p + 35*p = -a. Calculate the highest common divisor of 44 and p.
11
Suppose 3*g - 90 = 42. Suppose 27*s = -5587 + 16279. What is the highest common factor of s and g?
44
Suppose -98*i + 87*i = -33. Calculate the highest common divisor of i and 1.
1
Suppose 2*s - 14 - 14 = 0. Suppose -11 = -c - s. Let t be c*(-3)/9 - -13. What is the greatest common factor of 14 and t?
14
Let x be 8/(-40)*-545 + (2 - 9). Calculate the highest common divisor of x and 6.
6
Let u(z) = -z**3 + 10*z**2 - 23*z + 4. Let j be u(6). What is the greatest common factor of j and 170?
10
Let k(l) = 8*l - 3 - 4 - 7*l - 4. Let d be k(13). What is the greatest common divisor of d and 8?
2
Let w(c) = 117*c + 26. Let s be w(3). Calculate the greatest common factor of s and 39.
13
Suppose 2757 = 17*a + 20. Calculate the greatest common divisor of a and 21.
7
Let z(b) = b**2 + 5*b - 4. Let r be z(-8). Let n(q) = 3*q - 22. Let j be n(14). What is the highest common factor of j and r?
20
Let d be 2/8 + (-117)/(-12). Let q = -890 + 1050. Calculate the highest common divisor of d and q.
10
Suppose 23*f - 20*f + 120 = 0. Let g = 44 + f. Suppose -4*l + 25 = -87. What is the highest common divisor of g and l?
4
Suppose h - 5*h - 5*a = -30, 0 = -h - a + 7. Suppose 25*t - 5170 = -69*t. What is the highest common factor of t and h?
5
Let q = 590 - -1929. What is the highest common divisor of 22 and q?
11
Let u = 4 - 3. Let y be (-30)/(-10) - 3*u. Let g be 1*(y + 9) - 0. Calculate the greatest common divisor of 27 and g.
9
Let a(p) = p**3 + 12*p**2 - 15*p - 18. Let y be a(-13). Suppose -y = -2*w - 2. Let b be 26 + 0 + (1 - w). Calculate the highest common divisor of 4 and b.
4
Let p = 238 + -4. Suppose p = -9*u + 675. Calculate the highest common divisor of 7 and u.
7
Let w(s) = 26 - 16 - 14 - 4*s**2 + 5*s + s**3. Suppose 0 = j - 5 - 1. Let p be w(j). Calculate the highest common factor of p and 14.
14
Let u be 12/(-8)*(-16)/(-3) + 3188. What is the highest common divisor of 10 and u?
10
Let i be (-61882)/(-22) - (7 - (-237)/(-33)). What is the highest common divisor of i and 29?
29
Let y = 48 + -37. Let n be (-1 - -40)*3/9. Let h = -2 + n. Calculate the highest common factor of h and y.
11
Let r(a) = -a**3 + 4*a**2 + 5*a + 2. Let g be r(5). Suppose -3*f + 3 = -2*f. Suppose 5*n = f + 12. Calculate the greatest common divisor of g and n.
1
Let c = 1 - -12. Let x(d) = 35*d**2 - 5*d - 7. Let z be x(-2). What is the highest common divisor of z and c?
13
Suppose 10 = 3*n - 89. Suppose -5*x + n = -4*x. Calculate the greatest common factor of 33 and x.
33
Let b be 98/21 - 2/(-6). Suppose b*v + 40 = 280. Calculate the highest common divisor of v and 384.
48
Suppose 5*y = 390 + 250. Suppose 6*r - 2*r + y = 0. Let q = 200 + r. What is the highest common divisor of 21 and q?
21
Suppose 0 = -2*i + 4*i + 2*l - 1648, -4 = l. Calculate the highest common divisor of 12 and i.
12
Let r be (-1 + -6)*28/(-98). Suppose r*d + 28 = 3*m, 0 = -4*m + 3*d - 0*d + 37. What is the greatest common divisor of 40 and m?
10
Suppose -x - 30 = -o, -5*x + 2*x = -2*o + 65. Suppose o = -4*c + 137. What is the highest common factor of 308 and c?
28
Suppose 861*p - 854*p - 6321 = 0. Calculate the greatest common factor of p and 42.
21
Let p be (3 + -49 - -7)*-1. Calculate the highest common factor of 3 and p.
3
Suppose 77 - 231 = -2*m. Let z(y) = 3*y**2 - 4*y**2 + 3 + 2 + 7*y. Let x be z(6). What is the greatest common divisor of m and x?
11
Suppose -3*u = 2*u - 5*h - 50, 4*h = -u - 10. Suppose 15*g + 612 = u*g. Let s be (-1)/((-2)/g*-2). Calculate the highest common factor of s and 17.
17
Suppose 0 = -20*w - 1447 + 2767. Suppose 4*i = 2*m - 5*m + 173, 2*i - 91 = 3*m. What is the greatest common factor of i and w?
22
Let h be -1 - (5/(15/(-12)) - -1). Suppose -k + 40 = -5*s, -2*k + h*s + 12 = -28. What is the highest common divisor of 10 and k?
5
Suppose -60 = -5*s + 155. Suppose -3*k + 3*w + 5 = 44, s = -4*k + w. Let r be -4*k/(2 - 0). What is the greatest common divisor of 140 and r?
20
Let r = -30 - -62. Let n be ((-80)/25)/(-1*5/450). What is the highest common factor of r and n?
32
Let s be (-16*1)/(-4) + -269. Let k be 1/6 + s/(-30). What is the highest common divisor of 6 and k?
3
Let h = -1945 + 3018. Calculate the greatest common divisor of h and 58.
29
Let r = -4 - -11. Suppose -3*j + r*b + 73 = 3*b, -5*j - b + 160 = 0. Calculate the greatest common factor of j and 155.
31
Suppose 650 = 5*d + 5*k, 0*d + 3*k + 548 = 4*d. Suppose -4*f + d - 30 = 0. Calculate the highest common factor of f and 39.
13
Suppose -5*b = 3*c - 94, 7*b = 3*b + 3*c + 59. Let t = -19 - 24. Let f = 94 + t. Calculate the highest common factor of f and b.
17
Let g be 8/((-16)/(-30)) + 0. Suppose 720 = -5*l - 0*j + 5*j, l + 4*j = -164. Let n = l + 223. What is the highest common factor of n and g?
15
Let u = -58 - -31. Let h = 13 - u. Calculate the greatest common factor of 16 and h.
8
Suppose -9*o = 4*j - 8*o - 24, 0 = -4*o. What is the greatest common factor of 146 and j?
2
Let i be 2/8 + 1178/152. What is the greatest common factor of 7 and i?
1
Let w be (-80)/(-14) + 2/7. Suppose 2*y = -3*n - 5 + 30, 15 = y + 4*n. Let b = y - w. What is the greatest common divisor of 1 and b?
1
Suppose -17*w + 13*w - 8 = 0. Let v(s) = -97*s - 9. Let f be v(w). What is the highest common factor of f and 74?
37
Suppose -88 = -15*u + 77. What is the greatest common factor of u and 22?
11
Let k be -2 + -2 + 4 - -4. Let p be 3/(k/((-280)/(-6))). Calculate the greatest common factor of p and 7.
7
Suppose 5*b = -2*l + 71, -3*l + 0*b = -3*b - 54. Suppose 31 - l = 2*q. Let o = 34 - q. Calculate the highest common divisor of 150 and o.
30
Let r = 15 + -11. Suppose -r*w = -3*w + 5*u + 21, 4*u + 32 = 3*w. Suppose -w*m + 120 = m. What is the highest common factor of 60 and m?
12
Let g be ((-1434)/(-24) + -6)/((-1)/(-4)). Calculate the greatest common factor of g and 10.
5
Let b(w) = -4*w + 4. Let h be b(-4). Let x be -64*(h/8 + -4). Suppose 2*y + x = 8*y. What is the highest common factor of y and 16?
16
Let m(w) = w**3 + 11*w**2 - 5*w - 10. Let o be m(-10). Suppose -5*r = -r - o. Let u = 75 - r. What is the greatest common factor of 16 and u?
8
Let r(a) = a - 1. Let u be r(8). Suppose u*n + 36 = 9*n. What is the highest common divisor of n and 162?
18
Let w = 121 + -85. What is the greatest common divisor of w and 54?
18
Suppose -8 = -2*f + 4*f, -k = 2*f + 1. Let z(n) = -n**2 - 4*n - 3. Let v be z(-2). Calculate the highest common divisor of k and v.
1
Let c(a) = a + 9. Let p(x) = -5*x + 3. Let g be p(2). Let b be c(g). Suppose 2*h - 6 = b*o, -4*h + 2*o + 1 = -7. What is the greatest common factor of h and 9?
1
Let b(v) be the second derivative of v**5/10 - 2*v**3/3 - v**2/2 + 21*v. Let h be b(2). Calculate the highest common factor of 14 and h.
7
Suppose 196 = -11*f + 18*f. What is the highest common divisor of f and 133?
7
Let a(y) = -58*y + 2. Let f be a(-6). Let o = 1141 + -1127. What is the highest common factor of o and f?
14
Let l = 981 - 791. What is the highest common divisor of 10 and l?
10
Let v = 495 - 474. Let b(q) = 3*q - 1. Let k be b(5). Calculate the greatest common divisor of k and v.
7
Let p = 189 - 27. Let n = -11 + 29. What is the greatest common factor of n and p?
18
Let u = -23 - -47. Suppose r = u + 12. Suppose -m + 2*j = -100, -764 + 299 = -5*m + 3*j. What is the highest common factor of m and r?
18
Let y = 854 + -853. Calculate the highest common divisor of 23 and y.
1
Let j be (-4 - -5)/(3*2/12). Suppose -2*b + 128 = -i, j*i = 6*i. What is the greatest common factor of b and 8?
8
Suppose -5*r + 32 = 2*n, 4*n - 9*n + 5 = 0. Suppose -r*x - x + 175 = 0. Calculate the greatest common factor of x and 100.
25
Suppose 5*t - 21 = 24. Suppose -6*i + 7*i - 3*f = 3, 4*i - 12 = 2*f. What is the highest common divisor of i and t?
3
Let z(n) = -3 + 7*n**2 + 6 - n - n - 4. Let x be z(-1). Let k = x - 0. What is the greatest common factor of k and 40?
8
Let a(d) = 7*d**2 - 29*d - 8. Let b be a(6). Calculate the greatest common divisor of 50 and b.
10
Let p = 338 - 263. Calcula